pose -2*o + 4*y = 13 + 7, 3*o = -y - 16. Let d(x) = 3*x + 9. Let p be d(-2). Let b(z) = -2879 - p*z + 2877 + 2*z. Calculate b(o).
4
Let c(s) be the first derivative of s**4/4 + 2*s**3/3 - 7*s**2/2 - 2*s - 325. Calculate c(-5).
-42
Let j(g) = 5*g**3 - 6*g**2 - 2*g + 10. Let l(v) = -6*v**3 + 6*v**2 + 2*v - 10. Let z(r) = -7*j(r) - 6*l(r). Determine z(-5).
5
Let a(l) = l**2 - 4*l - 1. Let z be a(-3). Let c be 5/z + 75/20. Let j(n) = -4*n + 0*n - n + 4*n - c. Give j(-3).
-1
Suppose 0*x - 2 = 2*x. Let a(q) be the third derivative of -q**3/6 + 3*q**2. Let k(w) = 5*w. Let m(o) = x*a(o) + k(o). Calculate m(-1).
-4
Let w(y) be the second derivative of y**2 + 0 + 2/3*y**3 + 1/20*y**5 - 5/12*y**4 - 7*y. What is w(4)?
2
Let b(r) = -24*r + 1 + 6 + r**2 + 17*r. Calculate b(3).
-5
Suppose 2*g + 2*g = 24. Let s(k) = -g + 2 + 3 - 5 - 2*k. Let w be -3 - 9/(-3)*-1. What is s(w)?
6
Let r = 576 + -579. Let i(v) = v**3 + 3*v**2 + 5*v + 3. Calculate i(r).
-12
Let v(z) be the third derivative of 7/24*z**4 + 3/2*z**3 + 42*z**2 + 0 + 1/60*z**5 + 0*z. What is v(-6)?
3
Let x(m) = m**3 - 2*m**2 - 3*m. Let r be x(3). Suppose 3*q - 1 = -3*j + 2, -5*q = r. Let l(h) = -5*h + h - 6*h + 1. Calculate l(j).
-9
Let n(m) = -3*m**2 - m + 2. Let l(y) = 11*y**2 - 2*y - 8. Let a(p) = -l(p) - 4*n(p). What is a(-9)?
27
Let u = 31 - 28. Let j(q) = 5*q + 9*q**3 - 2*q**2 - 10*q**u - 3*q. Calculate j(-3).
3
Let k(x) be the first derivative of x**6/90 - x**5/40 - x**4/8 - 28*x**3/3 + 18. Let q(c) be the third derivative of k(c). Calculate q(-2).
19
Let x(b) = -2*b**3 + 4*b**2 - 3*b + 1. Suppose 49 = 3*i - 0*g - g, -4*i + 69 = -5*g. Let h be (8/i)/((-1)/(-6)) + -1. Determine x(h).
-5
Let c(v) = -v + 1. Let t(b) be the first derivative of -b**4/4 - 4*b**3/3 + 4*b - 22. Let g(j) = -3*c(j) + t(j). Determine g(-4).
-11
Let o(a) = -19*a + 12*a + 8*a. What is o(6)?
6
Let r(k) = -k**3 + 4*k**2. Suppose -2*d + 3*i = -27, -4*d + 2*d - i + 31 = 0. Suppose y = 6*y - d. Determine r(y).
9
Let t be 1 + (-8)/5 - 42/30. Let l(o) = o**2 - o - 6. Calculate l(t).
0
Suppose 0 = -2*g - 3*l - 43, 37 = -4*g - 4*l - 47. Let w = g + 25. Let c(x) = 0 - 2*x + 6*x - w*x - 4. Determine c(-7).
3
Suppose -4*g + 10 = 3*c, -4*c + 8*c + 2*g = 20. Let y(h) = -3*h + 12. Calculate y(c).
-6
Let l(h) = 6*h + 10. Let n(w) = -9*w - 15. Let u(t) = 7*l(t) + 5*n(t). Let r(g) = 6*g + 34. Let p be r(-5). Give u(p).
-17
Suppose -4 = 3*x + 2. Let y(j) be the second derivative of -j**5/20 - j**4/12 + j**3/6 - 15*j + 2. Determine y(x).
2
Suppose 19 + 53 = -2*z. Let o = z - -29. Let q(v) = -v**3 - 8*v**2 - 7*v - 2. Calculate q(o).
-2
Let w(a) = -2*a**3 - 2*a**2 - 3*a - 2. Suppose 2*t - 6 = -2. Let v = t - 4. Determine w(v).
12
Let r be 50/6 + (-72)/54. Let l(q) = q**3 - q + 1. Let u(g) = 3*g**3 + 6*g**2 + g + 14. Let y(o) = -4*l(o) + u(o). Let p be y(r). Let i(m) = 3*m + 3. Give i(p).
-9
Let z(x) = x. Let f be z(1). Let m(h) = 11*h - 6. Suppose -3*g - 3 = -2*k, -4*k - 2*g - 44 = 2*g. Let t(q) = -10*q + 7. Let n(d) = k*m(d) - 5*t(d). Give n(f).
-15
Let w(a) be the third derivative of a**5/30 - a**4/12 + 2*a**3/3 - 3*a**2 - 29*a. Give w(-4).
44
Suppose -11*z + 10*z - 5 = 0. Let k(m) = -9*m**2 + 5*m - 1. Let a(r) = 4*r**2 - 3*r + 1. Let h(f) = z*a(f) - 2*k(f). What is h(3)?
-6
Let p(y) = -y + 1. Let i(m) = -4*m + 13. Let s(k) = i(k) - 5*p(k). Let c = 18 - 14. Suppose c*o - 15 = 3*x, 0 = 2*o - 6*o + 4*x + 20. Give s(o).
8
Let r(u) = 3 - 681*u + 688*u + 6. Calculate r(-6).
-33
Let q(x) = x**2 - 3*x - 1. Suppose -2*d + 37 - 29 = 0. Give q(d).
3
Let i = -12 - -16. Suppose -5*m = 2*z - 5, -i*z + 3*m - 5 = -2. Suppose -16*w + 19*w + 6 = z. Let q(c) = -2*c - 2. Determine q(w).
2
Let y(h) = -h**3 - 5*h**2 - 9*h - 11. Let s be y(-3). Let l(o) be the first derivative of -1 + o + 0*o**2 - 1/3*o**3. What is l(s)?
-3
Let n(g) = 2*g**2 - 30*g + 44. Let s be n(13). Let z(f) = -f - 17. Determine z(s).
-9
Let m be (11/(-2))/((-1)/2). Let x = m - 9. Let t(g) = 3*g - 4*g - x - 6. Calculate t(-5).
-3
Let l(y) = -3*y - 8. Let g(s) = 13*s**3 + s**2 + 2*s + 2. Let r be g(-1). Let o = r - -6. Determine l(o).
10
Suppose -x - 4*a + 64 = 49, 4*x - 27 = -5*a. Let o(r) be the first derivative of 8*r + 2*r**2 - 1/3*r**x + 6. Calculate o(6).
-4
Let x(d) = d**3 + d**2 - 4*d - 2. Suppose 103*g = 107*g - 8. Give x(g).
2
Let v = 13 + -30. Let g(t) = t**2 + t + 4. Let a(o) = -3*o**2 - 3*o - 11. Let y(u) = v*g(u) - 6*a(u). Let k = -5 - -2. Calculate y(k).
4
Let j(y) be the second derivative of 0 - 1/24*y**4 - 1/30*y**5 + 7*y + 1/6*y**3 - 5/2*y**2. Let t(d) be the first derivative of j(d). Give t(-2).
-5
Let a(g) = g**2 + 2*g + 1. Let h be a(-3). Suppose -2*l + 12 = -h*l. Let y(z) be the first derivative of -z**3/3 - 7*z**2/2 - 6*z + 33. Give y(l).
0
Let z(t) = 26*t**3 - t**2 + t. Let v be 2 + -5 - (-8 + 4). What is z(v)?
26
Let r(z) be the second derivative of -13*z**3/3 - z**2/2 + 2*z + 35. Calculate r(1).
-27
Let p(o) = -4*o + 636*o**2 + 636*o**2 + 2 - 1271*o**2 + o. What is p(2)?
0
Suppose -h + k - 11 + 6 = 0, 4*h - k + 23 = 0. Let x(y) = -y**2 - 7*y. Let g(l) = -2*l**2 - 14*l + 1. Let t(f) = -6*g(f) + 13*x(f). Calculate t(h).
0
Let f(k) be the first derivative of -k**4/12 + k**3/2 - k**2 - 36*k - 3. Let t(q) be the first derivative of f(q). Give t(2).
0
Let w(s) = -2*s - 1. Suppose 9*n + 3*h = 8*h + 46, 2*n - 4*h - 16 = 0. Calculate w(n).
-9
Let l(p) = 2*p + 3. Suppose -7 = 5*v + j + 1, v + 2*j = 2. Let k = v - 3. Give l(k).
-7
Let x be -6*(44/12 - 4). Let i(k) be the third derivative of -k**3 + 0*k + 1/8*k**4 + 0 - x*k**2. What is i(4)?
6
Let b(w) be the third derivative of -w**6/720 - w**4/2 + 10*w**2. Let l(j) be the second derivative of b(j). Let d = 1 - 1. Give l(d).
0
Let z = 261 - 258. Let g(k) = -k**3 + 4*k**2 - 3*k + 4. Calculate g(z).
4
Let u(r) = -4*r. Let y(f) = 10*f - 8*f - 3*f. Let d be y(-1). Give u(d).
-4
Let b(d) be the first derivative of -1/4*d**4 - 5/3*d**3 + 5*d + 2*d**2 - 7. Let z(l) = -l**2 - 2*l + 3. Let k be z(2). Determine b(k).
-15
Let y(a) = 3497 - 2*a + a**2 - 7004 + 3499. Determine y(4).
0
Let r(f) be the third derivative of -f**4/8 - f**2. Let x be ((-18)/(-30))/(4/20). Calculate r(x).
-9
Suppose -3*f + 50 = -13*f. Let q(x) = -x**2 - 8*x + 8. Give q(f).
23
Let g(y) = 2*y**2 + 4*y + 4. Let n(z) = -z**2 - 2*z - 2. Let t(i) = -2*g(i) - 5*n(i). Give t(-1).
1
Let w(z) be the third derivative of 0 - 1/60*z**5 + 1/8*z**4 + 9*z**2 + 0*z + 1/6*z**3. Calculate w(-2).
-9
Let c = 15 + -7. Let h be (-2 + 3)*-3*1 - 3. Let y(i) = 5*i**2 + 8*i + 5. Let d(m) = 14*m**2 + 24*m + 15. Let t(s) = h*d(s) + 17*y(s). Calculate t(c).
-5
Let q(y) = -2*y**2 + 4*y - 3. Suppose 0 = -3*k + 5*u + 36 + 1, u = -2*k + 3. Suppose -7*s + 5*s = -k. Calculate q(s).
-3
Let q = 2 + -2. Let h(w) = w**2 + 4*w - 14. Let m(k) = -3*k**2 - 14*k + 39. Let f(c) = 7*h(c) + 2*m(c). Determine f(q).
-20
Let o(a) = -4096*a + 4104*a + a**3 - a**2 - 10 + 10*a**2. Let t(q) = -q**2 - 11*q - 8. Let c be t(-11). Determine o(c).
-10
Let t(q) = q**3 - 3*q**2 + q - 1. Let l be -2 + (-24)/(-14) + 48/21. What is t(l)?
-3
Let d(n) = -2*n. Let a be 8/(-10) + 224/(-20). Let o = a - -13. Calculate d(o).
-2
Let i = 225 + -219. Let g(h) = -1 + h**3 - h**2 + 0*h**3 - 6*h + 0 - 4*h**2. What is g(i)?
-1
Let d(q) = q**3 + 7*q**2 + 8*q - 1. Suppose 0 = -207*r + 203*r - 24. What is d(r)?
-13
Let r(z) be the second derivative of -4*z - 1/3*z**3 + 0 + 1/2*z**2. Calculate r(3).
-5
Suppose -12 = r + 4*t, 5*t - 7*t = 8. Let n(k) = 4 - r*k - 3*k + 3*k + k**2. What is n(5)?
9
Let k(b) = b**3 - 9*b**2 - 8*b - 18. Let j be k(10). Let w(i) be the third derivative of i**5/20 - i**3/6 + 24*i**2. Determine w(j).
11
Suppose 8 = a - 4*i, 4*a - 3*a + i = 3. Let g(b) be the first derivative of -b**3/3 + 7*b**2/2 - 6*b + 7. Determine g(a).
6
Let o(l) = l**2 + 4*l - 7. Let w be o(-5). Let d(t) = -4 - 3*t**2 - t**3 - 12 + 2*t**2 + 18. Determine d(w).
6
Let h be (3 - (-4)/(-2))*(-308)/(-44). Let r = 10 + -6. Let i(s) = s**3 - h + 16 + 4*s**2 + 2*s - r. What is i(-4)?
-3
Let l(m) = m**3 - 4*m**2 - 11*m - 2. Let x = -920 - -926. Give l(x).
4
Let x(g) = g**2 + 4*g - 1. Let s = 5 + -9. Let c be x(s). Let m(b) = b. Let d be m(c). Let r(u) = -u + 1. Give r(d).
2
Let i(q) = 2*q**2 + 6*q + 2. Let c be 5 + -4 - (-3 - -8). What is i(c)?
10
Let o(j) 